{"id":310,"date":"2022-12-28T16:09:57","date_gmt":"2022-12-28T15:09:57","guid":{"rendered":"http:\/\/couragecourage.net\/?page_id=310"},"modified":"2023-01-21T17:04:38","modified_gmt":"2023-01-21T16:04:38","slug":"polski","status":"publish","type":"page","link":"https:\/\/couragecourage.net\/index.php\/polski\/","title":{"rendered":"Polski"},"content":{"rendered":"<style>.wp-show-posts-columns#wpsp-309 {margin-left: -2em; }.wp-show-posts-columns#wpsp-309 .wp-show-posts-inner {margin: 0 0 2em 2em; }<\/style><section id=\"wpsp-309\" class=\" wp-show-posts\" style=\"\"><article class=\" wp-show-posts-single wpsp-clearfix post-307 post type-post status-publish format-standard hentry category-message-1-polski category-polski\" itemtype=\"http:\/\/schema.org\/CreativeWork\" itemscope><div class=\"wp-show-posts-inner\" style=\"\">\t\t\t\t\t\t<div class=\"wp-show-posts-entry-content\" itemprop=\"text\">\n\t\t\t\t\t\t\t\n<figure class=\"wp-block-image size-full\"><img loading=\"lazy\" decoding=\"async\" width=\"120\" height=\"75\" src=\"http:\/\/couragecourage.net\/wp-content\/uploads\/2023\/04\/Poland.png\" alt=\"\" class=\"wp-image-1554\"\/><\/figure>\n\n\n\n<h3 class=\"wp-block-heading\"><em>Obud\u017a si\u0119!<\/em><\/h3>\n\n\n\n<h4 class=\"wp-block-heading\">Ziemia jest naszym okr\u0119tem, nie palmy go !<\/h4>\n\n\n\n<h4 class=\"wp-block-heading\">Ta strona internetowa jest zaproszeniem do ca\u0142kowicie wolnej akcji.<\/h4>\n\n\n\n<h4 class=\"wp-block-heading\">Czy \u015bwiadomie i w g\u0142\u0119bi duszy jeste\u015bmy gotowi dokona\u0107 czegokolwiek dla ochrony \u015bwiata bez informawania o tym kogokolwiek ?<\/h4>\n\n\n\n<hr class=\"wp-block-separator aligncenter has-alpha-channel-opacity is-style-wide\"\/>\n\n\n\n<h4 class=\"wp-block-heading\"><em>Rok\u00a019 &#8211; Przes\u0142anie N\u00b0 1 : 21 grudnia 2025<\/em><\/h4>\n\n\n\n<p>Dzie\u0144 Dobry !<\/p>\n\n\n\n<p>Co zrobi\u0107 ?<\/p>\n\n\n\n<p>W ci\u0105gu kilku dziesi\u0119cioleci nasza planeta sta\u0142a si\u0119 wiosk\u0105. Ka\u017cdy mo\u017ae wiedzie\u0107, co si\u0119 sta\u0142o na drugim jej kra\u0144\u0107u. Ka\u017cdy mo\u017ce natkn\u0105\u0107 sie na mieszka\u0144ca przyby\u0142ego z innej \u00abdzielnicy\u00bb (kraju, kontynentu).<\/p>\n\n\n\n<p>R\u00f2\u017cnice w poziomach \u017cycia s\u0105 \u017ar\u00f3d\u0142em konfliktu. R\u00f2\u017cnice kulturowe, kt\u00f2re wzbogacaj\u0105, s\u0105 r\u00f3wnie\u017c \u017ar\u00f3d\u0142em konflikt\u00f2w.<\/p>\n\n\n\n<p>Ocieplenie klimatyczne zagra\u017ca samej planecie ziemi tak samo jak ka\u017cdemu z nas, wielkie niebezpiecze\u0144stwa.<\/p>\n\n\n\n<p>Nikt nie w\u0105tpi, \u017ae uleganie strachowi i zniech\u0119ceniu nie jest dobrym rozwi\u0105zaniem.<\/p>\n\n\n\n<p>Co zrobi\u0107 ?<\/p>\n\n\n\n<h5 class=\"wp-block-heading\"><em>Spotkanie 2 lutego 2026 dla przes\u0142ania (2\/5)<\/em><\/h5>\n\n\n\n<hr class=\"wp-block-separator aligncenter has-alpha-channel-opacity is-style-wide\"\/>\n\t\t\t\t\t\t<\/div><!-- .entry-content -->\n\t\t\t\t\t<\/div><!-- wp-show-posts-inner --><div class=\"wpsp-clear\"><\/div><\/article><article class=\" wp-show-posts-single wpsp-clearfix post-673 post type-post status-publish format-standard hentry category-message-2-polski category-polski\" itemtype=\"http:\/\/schema.org\/CreativeWork\" itemscope><div class=\"wp-show-posts-inner\" style=\"\">\t\t\t\t\t\t<div class=\"wp-show-posts-entry-content\" itemprop=\"text\">\n\t\t\t\t\t\t\t\n<h4 class=\"wp-block-heading\" id=\"[object]\"><em>Przes\u0142anie <em>N\u00b0<\/em><\/em> <em>2 : 2 luty 2026<\/em><\/h4>\n\n\n\n<p>W r\u00f3\u017cnorodno\u015bci problem\u00f2w, przed kt\u00f2rymi stoi dzisiejsza ludzko\u015b\u0107, najgorsz\u0105 rzecz\u0105 by\u0142aby kapitulacja, oczekiwanie, \u017ce rozwi\u0105zanie przyjdzie tylko od innych.<\/p>\n\n\n\n<p>Jednak\u017ce, podobnie jak okr\u0119t na morzu w czasie burzy, ka\u017cdy ma swoj\u0105 rol\u0119 do odegrania.<\/p>\n\n\n\n<p>Wszyscy jeste\u015bmy solidarni. Wszyscy ponosimy cz\u0119\u015b\u010d odpowiedzialno\u015bci.<\/p>\n\n\n\n<p>Zamiast rezygnacji, wszyscy b\u0119dziemy nawolywa\u0107 do osobistej odwagi.<\/p>\n\n\n\n<h5 class=\"wp-block-heading\" id=\"[object]\"><em>Spotkanie 31 <\/em><em>marzec 2026 dla przes\u0142ania (3\/5)<\/em><\/h5>\n\n\n\n<hr class=\"wp-block-separator aligncenter has-alpha-channel-opacity is-style-wide\"\/>\n\t\t\t\t\t\t<\/div><!-- .entry-content -->\n\t\t\t\t\t<\/div><!-- wp-show-posts-inner --><div class=\"wpsp-clear\"><\/div><\/article><article class=\" wp-show-posts-single wpsp-clearfix post-675 post type-post status-publish format-standard hentry category-message-3-polski category-polski\" itemtype=\"http:\/\/schema.org\/CreativeWork\" itemscope><div class=\"wp-show-posts-inner\" style=\"\">\t\t\t\t\t\t<div class=\"wp-show-posts-entry-content\" itemprop=\"text\">\n\t\t\t\t\t\t\t\n<h4 class=\"wp-block-heading\"><em>Przes\u0142anie N\u00b0 3 : <em>31 marzec<\/em><\/em> <em>2026<\/em><\/h4>\n\n\n\n<p>Je\u015bli konflikty, w kt\u00f2re jeste\u015bmy zamieszani lub w kt\u00f2rych uczestniczymy wydaj\u0105 si\u0119 bez wyj\u015bcia; je\u015bli rezerwy naszej planety wydaj\u0105 si\u0119 zmniejsza\u0107, mo\u017cemy zmobilizowa\u0107 nasze w\u0142asne zasoby, wewn\u0119trzne mo\u017cliwo\u015bci.Ka\u017cdy z nas ma w sobie nieodkryte bogactwa.<\/p>\n\n\n\n<p>Nadesz\u0142a chwila, kiedy wszyscy razem mo\u017cemy si\u0119 z nimi po\u0142aczy\u0107. Ka\u017cdy posiada przynajmniej jeden klucz, kt\u00f2rym otworzy drzwi, jedno narz\u0119dzie, kt\u00f2rym obali mury.<\/p>\n\n\n\n<p>Ot\u00f2\u017c obecnie jest nas kilka miliard\u00f3w&#8230;<\/p>\n\n\n\n<h5 class=\"wp-block-heading\"><em>Spotkanie 14 maja 2026 <em>dla <\/em>przes\u0142ania (4\/5)<\/em><\/h5>\n\n\n\n<hr class=\"wp-block-separator aligncenter has-alpha-channel-opacity is-style-wide\"\/>\n\t\t\t\t\t\t<\/div><!-- .entry-content -->\n\t\t\t\t\t<\/div><!-- wp-show-posts-inner --><div class=\"wpsp-clear\"><\/div><\/article><\/section><!-- .wp-show-posts -->\n","protected":false},"excerpt":{"rendered":"","protected":false},"author":1,"featured_media":0,"parent":0,"menu_order":0,"comment_status":"closed","ping_status":"closed","template":"","meta":{"site-sidebar-layout":"default","site-content-layout":"default","ast-global-header-display":"","ast-main-header-display":"","ast-hfb-above-header-display":"","ast-hfb-below-header-display":"","ast-hfb-mobile-header-display":"","site-post-title":"disabled","ast-breadcrumbs-content":"","ast-featured-img":"","footer-sml-layout":"","theme-transparent-header-meta":"","adv-header-id-meta":"","stick-header-meta":"","header-above-stick-meta":"","header-main-stick-meta":"","header-below-stick-meta":"","footnotes":""},"class_list":["post-310","page","type-page","status-publish","hentry"],"_links":{"self":[{"href":"https:\/\/couragecourage.net\/index.php\/wp-json\/wp\/v2\/pages\/310","targetHints":{"allow":["GET"]}}],"collection":[{"href":"https:\/\/couragecourage.net\/index.php\/wp-json\/wp\/v2\/pages"}],"about":[{"href":"https:\/\/couragecourage.net\/index.php\/wp-json\/wp\/v2\/types\/page"}],"author":[{"embeddable":true,"href":"https:\/\/couragecourage.net\/index.php\/wp-json\/wp\/v2\/users\/1"}],"replies":[{"embeddable":true,"href":"https:\/\/couragecourage.net\/index.php\/wp-json\/wp\/v2\/comments?post=310"}],"version-history":[{"count":1,"href":"https:\/\/couragecourage.net\/index.php\/wp-json\/wp\/v2\/pages\/310\/revisions"}],"predecessor-version":[{"id":311,"href":"https:\/\/couragecourage.net\/index.php\/wp-json\/wp\/v2\/pages\/310\/revisions\/311"}],"wp:attachment":[{"href":"https:\/\/couragecourage.net\/index.php\/wp-json\/wp\/v2\/media?parent=310"}],"curies":[{"name":"wp","href":"https:\/\/api.w.org\/{rel}","templated":true}]}}