{"id":267,"date":"2022-12-28T15:46:51","date_gmt":"2022-12-28T14:46:51","guid":{"rendered":"http:\/\/couragecourage.net\/?page_id=267"},"modified":"2023-01-02T10:29:07","modified_gmt":"2023-01-02T09:29:07","slug":"dansk","status":"publish","type":"page","link":"https:\/\/couragecourage.net\/index.php\/dansk\/","title":{"rendered":"Dansk"},"content":{"rendered":"<style>.wp-show-posts-columns#wpsp-266 {margin-left: -2em; }.wp-show-posts-columns#wpsp-266 .wp-show-posts-inner {margin: 0 0 2em 2em; }<\/style><section id=\"wpsp-266\" class=\" wp-show-posts\" style=\"\"><article class=\" wp-show-posts-single wpsp-clearfix post-264 post type-post status-publish format-standard hentry category-message-1-dansk category-dansk\" itemtype=\"http:\/\/schema.org\/CreativeWork\" itemscope><div class=\"wp-show-posts-inner\" style=\"\">\t\t\t\t\t\t<header class=\"wp-show-posts-entry-header\">\n\t\t\t\t\t\t\t\t\t\t\t\t\t<\/header><!-- .entry-header -->\n\t\t\t\t\t\t\t\t\t\t\t<div class=\"wp-show-posts-entry-content\" itemprop=\"text\">\n\t\t\t\t\t\t\t\n<figure class=\"wp-block-image size-full is-resized\"><img loading=\"lazy\" decoding=\"async\" width=\"120\" height=\"91\" src=\"http:\/\/couragecourage.net\/wp-content\/uploads\/2023\/04\/Denmark.png\" alt=\"\" class=\"wp-image-1539\"\/><\/figure>\n\n\n\n<h3 class=\"wp-block-heading\"><em>Lad os v\u00e5gne op !<\/em><\/h3>\n\n\n\n<h4 class=\"wp-block-heading\">Jorden er vores f\u00e6lles b\u00e5d. Lad os ikke br\u00e6nde den! Denne hjemmeside opfordrer til handling i al frihed. Er vi parat til at udf\u00f8re en beskyttende handling for verden i vores sj\u00e6l og vores bevidsthed uden at st\u00e5 til regnskab for nogen ?<\/h4>\n\n\n\n<hr class=\"wp-block-separator aligncenter has-alpha-channel-opacity is-style-wide\"\/>\n\n\n\n<h4 class=\"wp-block-heading\"><em>21. december 2025. Meddelelse nr. 1, d.<\/em><\/h4>\n\n\n\n<p>Hej!Hvad skal vi stille op ? <\/p>\n\n\n\n<p>I l\u00f8bet af de sidste \u00e5rtier er Jorden blevet som en mindre by.<\/p>\n\n\n\n<p>Enhver kan f\u00f8lge med i hvad der sker i den anden ende af byen.<\/p>\n\n\n\n<p>Enhver kan m\u00f8de en indbygger fra et andet \u00bbkvarter\u00ab, dvs. et andet land eller kontinent. Forskellene i levestandard skaber konflikter.<\/p>\n\n\n\n<p>De kulturelle forskelle betyder en berigelse men er ogs\u00e5 kilde til konflikter. Den globale opvarmning bringer b\u00e5de kloden og individet i stor fare.<\/p>\n\n\n\n<p>Vi b\u00f8r naturligvis ikke bare give op og miste modet. Hvad skal vi da g\u00f8re ?<\/p>\n\n\n\n<h5 class=\"wp-block-heading\"><em>N\u00e6ste m\u00f8de om meddelelse (2\/5) afholdes d. 2. februar 2026.<\/em><\/h5>\n\n\n\n<hr class=\"wp-block-separator aligncenter has-alpha-channel-opacity is-style-wide\"\/>\n\t\t\t\t\t\t<\/div><!-- .entry-content -->\n\t\t\t\t\t<\/div><!-- wp-show-posts-inner --><div class=\"wpsp-clear\"><\/div><\/article><article class=\" wp-show-posts-single wpsp-clearfix post-495 post type-post status-publish format-standard hentry category-message-2-dansk category-dansk\" itemtype=\"http:\/\/schema.org\/CreativeWork\" itemscope><div class=\"wp-show-posts-inner\" style=\"\">\t\t\t\t\t\t<header class=\"wp-show-posts-entry-header\">\n\t\t\t\t\t\t\t\t\t\t\t\t\t<\/header><!-- .entry-header -->\n\t\t\t\t\t\t\t\t\t\t\t<div class=\"wp-show-posts-entry-content\" itemprop=\"text\">\n\t\t\t\t\t\t\t\n<h4 class=\"wp-block-heading\"><em>Meddelelse 2 : d. 2. februar 2026.<\/em><\/h4>\n\n\n\n<p>N\u00e5r man t\u00e6nker p\u00e5 de utallige problemer som menneskeheden st\u00e5r overfor i vor tid, ville det v\u00e6rste v\u00e6re bare at give op og vente p\u00e5 at de andre finder en l\u00f8sning.<\/p>\n\n\n\n<p>Ligesom p\u00e5 et skib p\u00e5 havet i stormvejr m\u00e5 enhver pr\u00f8ve at hj\u00e6lpe.<\/p>\n\n\n\n<p>Vi er alle i samme b\u00e5d. Vi har hver en del af ansvaret.<\/p>\n\n\n\n<p> I stedet for at give tabt m\u00e5 alle pr\u00f8ve at finde modet p\u00e5 deres egen m\u00e5de.<\/p>\n\n\n\n<h5 class=\"wp-block-heading\"><em>N\u00e6ste m\u00f8de om meddelelse (3\/5) afholdes d. 31 Marts 2026<\/em><em>.<\/em><\/h5>\n\n\n\n<hr class=\"wp-block-separator aligncenter has-alpha-channel-opacity is-style-wide\"\/>\n\t\t\t\t\t\t<\/div><!-- .entry-content -->\n\t\t\t\t\t<\/div><!-- wp-show-posts-inner --><div class=\"wpsp-clear\"><\/div><\/article><article class=\" wp-show-posts-single wpsp-clearfix post-500 post type-post status-publish format-standard hentry category-message-3-dansk category-dansk\" itemtype=\"http:\/\/schema.org\/CreativeWork\" itemscope><div class=\"wp-show-posts-inner\" style=\"\">\t\t\t\t\t\t<header class=\"wp-show-posts-entry-header\">\n\t\t\t\t\t\t\t\t\t\t\t\t\t<\/header><!-- .entry-header -->\n\t\t\t\t\t\t\t\t\t\t\t<div class=\"wp-show-posts-entry-content\" itemprop=\"text\">\n\t\t\t\t\t\t\t\n<h4 class=\"wp-block-heading\"><em>Meddelelse 3 : d. 31 Marts 2026.<\/em><\/h4>\n\n\n\n<p>Ogs\u00e5 selv om de konflikter som vi er indblandet i eller iagttager omkring os, kan synes ul\u00f8selige; ogs\u00e5 selv om Jordens ressourcer og livsgrundlag synes at mindskes, kan vi dyrke vores egne ressourcer, vores indre have. Vi har alle uudforskede skatte.<\/p>\n\n\n\n<p>Tiden er kommet til at vi hver is\u00e6r forbinder os med dem.<\/p>\n\n\n\n<p>Hver af os har en n\u00f8gle der kan \u00e5bne en d\u00f8r, et redskab der kan nedbryde en mur.<\/p>\n\n\n\n<p>Og tilsammen er vi milliarder &#8230;<\/p>\n\n\n\n<h5 class=\"wp-block-heading\"><em>N\u00e6ste m\u00f8de om meddelelse (4\/5) afholdes d. 14. maj 2026.<\/em><\/h5>\n\n\n\n<hr class=\"wp-block-separator aligncenter has-alpha-channel-opacity is-style-wide\"\/>\n\t\t\t\t\t\t<\/div><!-- .entry-content -->\n\t\t\t\t\t<\/div><!-- wp-show-posts-inner --><div class=\"wpsp-clear\"><\/div><\/article><\/section><!-- .wp-show-posts -->\n","protected":false},"excerpt":{"rendered":"","protected":false},"author":1,"featured_media":0,"parent":0,"menu_order":0,"comment_status":"closed","ping_status":"closed","template":"","meta":{"site-sidebar-layout":"default","site-content-layout":"default","ast-global-header-display":"","ast-main-header-display":"","ast-hfb-above-header-display":"","ast-hfb-below-header-display":"","ast-hfb-mobile-header-display":"","site-post-title":"disabled","ast-breadcrumbs-content":"","ast-featured-img":"","footer-sml-layout":"","theme-transparent-header-meta":"","adv-header-id-meta":"","stick-header-meta":"","header-above-stick-meta":"","header-main-stick-meta":"","header-below-stick-meta":"","footnotes":""},"class_list":["post-267","page","type-page","status-publish","hentry"],"_links":{"self":[{"href":"https:\/\/couragecourage.net\/index.php\/wp-json\/wp\/v2\/pages\/267","targetHints":{"allow":["GET"]}}],"collection":[{"href":"https:\/\/couragecourage.net\/index.php\/wp-json\/wp\/v2\/pages"}],"about":[{"href":"https:\/\/couragecourage.net\/index.php\/wp-json\/wp\/v2\/types\/page"}],"author":[{"embeddable":true,"href":"https:\/\/couragecourage.net\/index.php\/wp-json\/wp\/v2\/users\/1"}],"replies":[{"embeddable":true,"href":"https:\/\/couragecourage.net\/index.php\/wp-json\/wp\/v2\/comments?post=267"}],"version-history":[{"count":1,"href":"https:\/\/couragecourage.net\/index.php\/wp-json\/wp\/v2\/pages\/267\/revisions"}],"predecessor-version":[{"id":268,"href":"https:\/\/couragecourage.net\/index.php\/wp-json\/wp\/v2\/pages\/267\/revisions\/268"}],"wp:attachment":[{"href":"https:\/\/couragecourage.net\/index.php\/wp-json\/wp\/v2\/media?parent=267"}],"curies":[{"name":"wp","href":"https:\/\/api.w.org\/{rel}","templated":true}]}}